 - 14*f**2 + 11*f + 8. What are the prime factors of j(8)?
2, 7
Let m(r) = r**3 + 4*r**2 + 5*r - 6. Let c be m(-5). Let i = 79 + c. Suppose -5*h + i = 4*j, -8*h + 3*h = -4*j + 73. What are the prime factors of j?
2, 3
Suppose 5*p = 3*p - 10. Let n = 7 + p. What are the prime factors of n?
2
Let a = -114 - -440. List the prime factors of a.
2, 163
Let g(q) = -q**2 - 3*q + 4*q - 2*q**2 + 4*q**2. What are the prime factors of g(-2)?
2
Let p(w) = -w**2 - 1. Let l be p(5). Let i = l + 42. Suppose 0 = -3*y + y + i. List the prime factors of y.
2
Suppose -a = t + 7, 3*t - 7*t - 23 = 5*a. Let v = 32 + t. List the prime factors of v.
2, 5
Let v be 7 - (0 + 1 - -2). What are the prime factors of (v/(-12))/((-2)/54)?
3
Let c(z) = z**3 - 11*z**2 + 13*z - 33. Let g be c(10). Suppose d - 5*d - 20 = 0, -2*u + 5*d + 7 = 0. Let q = g - u. List the prime factors of q.
2, 3
Let x(a) = 10*a**2 + 15*a + 6. List the prime factors of x(-6).
2, 3, 23
Let s(k) = -2*k. Let g be s(6). Let n = 17 + g. What are the prime factors of n?
5
Let g be 0 - (1 - (16 + -2)). Suppose g = 2*f - 1. Suppose 0 = 4*d - f - 25. What are the prime factors of d?
2
Suppose 3*w - 137 = -4*f, f + 5*w = -7 + 37. What are the prime factors of f?
5, 7
Let d be 1 - 2/((-2)/27). List the prime factors of d/(1 - (3 + -4)).
2, 7
Suppose 2*l = -2*h - 2 + 6, -4*l + 6 = 5*h. Let z(q) = -q**2 + 5*q - 2. Let g be z(3). Suppose -2*i = -l - g. List the prime factors of i.
2
Let w be (-53)/(-11) + 2/11. Suppose -50 - 5 = -w*s. Suppose 3*k = s + 4. List the prime factors of k.
5
Suppose -15*i = -19*i + 520. List the prime factors of i.
2, 5, 13
Let j = -5 - -8. Let v be (j - 3) + 3 - 1. Suppose 45 = v*b + 19. What are the prime factors of b?
13
Suppose 4*a = -6 - 2. List the prime factors of a/4 - 115/(-2).
3, 19
What are the prime factors of 5 + 84 - (1 - 3)?
7, 13
Let o(a) = 25*a**2 + 3*a - 3. List the prime factors of o(2).
103
Suppose -x + 7 + 10 = 0. Let u = 25 - x. Let k = u + -3. List the prime factors of k.
5
Suppose 0 = -5*h - 237 + 732. What are the prime factors of h?
3, 11
Let n = 14 + -10. Suppose -5*b = -5*v - 60, -v = n*b - 4*v - 47. What are the prime factors of b?
11
Suppose 2*l = 1 + 7. Suppose 2 = -2*n - 4*v, -3*n - l = -v - 15. Suppose 0 = -2*x - n*w + 13, -5*x + 5*w + 98 = 28. List the prime factors of x.
11
What are the prime factors of ((-18)/15 + 0)/(18/(-1020))?
2, 17
Let y(x) = x**2 - 4*x + 2. Let n be y(4). Suppose -n*z = 3*z - 10. Suppose -2 = 3*a - 2*a + 2*t, 5*a - z*t - 38 = 0. List the prime factors of a.
2, 3
Let c = 12 - 3. List the prime factors of (-3)/2*(-60)/c.
2, 5
Let f be (1*-2)/(-2)*-6. Let q(h) = -h - 2. Let r be q(f). Suppose -r*c + 6 = -c. What are the prime factors of c?
2
Suppose 6*q - 230 + 44 = 0. List the prime factors of q.
31
Suppose 5*j + t - 1910 = 277, 3*j - 1311 = -t. What are the prime factors of j/26 - (-8)/52?
17
Let q = -208 - -374. What are the prime factors of q?
2, 83
Let b(t) = t**2 + 12*t + 13. Let p be b(-11). Suppose p*a - 2*q = a + 3, -5*a + 55 = -2*q. List the prime factors of a.
13
Let u(w) = -11*w + 1. Let g be u(-4). Suppose -39 - g = -3*o. What are the prime factors of o?
2, 7
Suppose -57 = -4*f + 3*j - 10, -4*f = -2*j - 46. What are the prime factors of f?
11
Let i be ((-3)/5)/((-2)/10). List the prime factors of (50/15)/(1/i).
2, 5
Let t(z) = -3*z + 12. List the prime factors of t(-6).
2, 3, 5
Let r(b) = -9*b - 17. Let f be r(-8). Suppose -w + 6*w = f. List the prime factors of w.
11
Let b be 0 - (-2)/(6/27). Suppose 0 = -3*m - 3*w + b, 5*m = -w - w. Let p = 1 - m. List the prime factors of p.
3
What are the prime factors of ((-2)/3)/((-46)/2139)?
31
Suppose 352 = -0*c + 8*c. What are the prime factors of c?
2, 11
Let y = -2 + 5. Let f(h) be the first derivative of 2*h**2 + 4*h + 9. List the prime factors of f(y).
2
Suppose 0*h - 190 = -5*h. Let f = h + -19. List the prime factors of f.
19
Suppose 10*b - 9 = 7*b. What are the prime factors of b?
3
List the prime factors of (-54)/(7/(-7) + 1 + -1).
2, 3
Let g = 89 + 10. What are the prime factors of g?
3, 11
What are the prime factors of (-4)/14 + -3 + 10302/42?
2, 11
Let f be 13/2 + (-1)/2. Let p = -1 - 1. Let g = f + p. List the prime factors of g.
2
What are the prime factors of (-93)/2*(-8)/(-30)*-5?
2, 31
List the prime factors of 1/(3/492) + -2 + -1.
7, 23
Let f = -94 + 187. Suppose 5*u = 8*u - f. List the prime factors of u.
31
Let s = -20 - -14. Let f be (-16)/6 - 1/3. List the prime factors of 9 - f/(s/(-4)).
11
Let a(s) = 4*s**2 + 3*s**3 + 2 - s**3 + 3*s + s - s**3. List the prime factors of a(-2).
2
Let o be (-2)/(-3) - 22/6. List the prime factors of ((-42)/(-8))/(o/(-20)).
5, 7
Let v be -4*(30/(-8))/(-5). Let o be ((-6)/(-5))/(v/(-75)). Suppose o = 2*x + 3*x. What are the prime factors of x?
2, 3
Let c = -59 + 139. Suppose p - 25 = -l, -4*l - 5*p + 23 = -c. Suppose 4*t - a - 66 = a, t - l = -5*a. List the prime factors of t.
17
Let m(o) = -o - 1. Let n be m(-1). Suppose n = -5*i - 18 + 63. Let w = 21 - i. What are the prime factors of w?
2, 3
Let t be 0 + 0 + 12/3. Let r(l) = 0*l**2 - l**2 + 1 + 7*l + 3. List the prime factors of r(t).
2
Let y(c) = 5*c**2 + 5*c - 25. What are the prime factors of y(7)?
3, 5, 17
Suppose 0 = 10*c - 5*c - 200. Let w = -21 + c. List the prime factors of w.
19
Let r = -72 - -112. What are the prime factors of r?
2, 5
Suppose -2*k + k + 5 = 0. Suppose 8 - 23 = -k*s. Suppose 0 = -3*u + s*h + 24, 0 = -5*u + h + 8 + 32. What are the prime factors of u?
2
Let l = -16 + 16. Suppose 0 = -w - l*w + 38. What are the prime factors of w?
2, 19
Let m = -28 + 68. List the prime factors of m.
2, 5
List the prime factors of -4 + 29*(-4 - -7).
83
Let u = -166 + 386. List the prime factors of u.
2, 5, 11
Suppose 2*g + 4*v = 14, -4*g - 7 = -g - v. Let t(y) = -45*y**3 + y + 1. What are the prime factors of t(g)?
3, 5
Suppose 190 = -5*r + 1100. List the prime factors of r.
2, 7, 13
Let g(s) = 3*s**3 - 3*s**2 + 2*s + 1. Suppose 0 = -3*u + 9, h - 2*h = u - 5. List the prime factors of g(h).
17
Suppose 3*g = 4*n - 21, -3*g = -5*n + 2*g + 30. Suppose 5*x - 5*d - 50 = 0, -4*d + n*d = -3*x + 38. What are the prime factors of x?
2, 7
Let d(g) = g**2 + 1. Suppose -2*t + 0*t = 4. Let k be d(t). Suppose 0 = -k*v + 4*v + 6. What are the prime factors of v?
2, 3
Let n be (9/3)/(6/(-4)). Let c = 1 + n. List the prime factors of 18*c*(-1)/2.
3
Suppose 0 = -6*h + 626 + 232. List the prime factors of h.
11, 13
Let k = 26 + -23. What are the prime factors of k?
3
Let f = -49 + 33. What are the prime factors of (-10)/3*24/f?
5
What are the prime factors of (-5 - (-3561)/45) + 2/(-15)?
2, 37
Let s be 63 + 0 + -4 + 6. Let l = s - 24. List the prime factors of l.
41
Suppose -2*w + 4*w - 12 = 0. Let f(r) = 0*r - 2*r + 10*r - r**2. List the prime factors of f(w).
2, 3
Suppose 2*a - 3 - 21 = 2*v, 3*v + 26 = 2*a. List the prime factors of a.
2, 5
Let n(f) = -f**2 - 6*f - 1. Let z be n(-4). Let d = z - -5. List the prime factors of d.
2, 3
What are the prime factors of (-660)/(-18) + 2/(-3)?
2, 3
Let l = -161 - -234. List the prime factors of l.
73
Suppose 3*m = 4*s - 0*s + 6, 5*s + 3 = 3*m. Suppose 5*u = m + 9. What are the prime factors of u?
3
Let q(h) = -h**2 + 13*h - 15. List the prime factors of q(7).
3
Suppose -246 = -2*k - 62. List the prime factors of k.
2, 23
Suppose 2*c + 1 = 5*x + 6, -c = 2*x - 16. Suppose -2*o = 3*o + c. List the prime factors of o + (-2 - (-2 + -9)).
7
Suppose 0 = -2*i + 35 + 173. What are the prime factors of i?
2, 13
Let x(j) = -6*j - 7. Let l = 0 - 5. List the prime factors of x(l).
23
Let j(a) = 8*a**2 - 4. Let w(v) = -8*v**2 + 3. Let z(u) = -4*j(u) - 5*w(u). Suppose 1 = h + 2. List the prime factors of z(h).
3
Let y be 32/20*10/4. Suppose -4*k - 1 = y*q - 21, 4*k = 4*q - 4. What are the prime factors of q?
3
Suppose -9*o = -145 - 44. What are the prime factors of o?
3, 7
Let t = 99 + -85. Let f(u) = u**3 + 3*u**2 + 2*u + 2. Let q be f(-2). Let w = t + q. List the prime factors of w.
2
Suppose 3*m = m - 4. Let c be 3/(-1)*m/(-2). Let z(d) = d**3 + 4*d**2 + d - 4. List the prime factors of z(c).
2
Let d(g) = -g**3 - 6*g**2 + 2. Let b be d(-6). Suppose -c + 5*o + 8 = 0, b*o + 3*o + 77 = 4*c. Suppose -5*y - c + 78 = 0. What are the prime factors of y?
11